 of s**5/60 - 19*s**4/24 + s**3 - 213*s**2 - 2*s + 5. Determine l(21).
48
Let y(u) = -u. Let x(z) = z + 1. Let a be x(-6). Let m be -3*a/(-3) - -141. Let q = m - 144. Give y(q).
8
Let g be (4 + 0)/((-4)/6). Let k(i) be the first derivative of 1/2*i**2 + 184 + 12*i. Give k(g).
6
Let g = 288144 - 288150. Let x = 7 - 4. Let o(d) = 0*d**3 - d - 3 - d + d**x + 6*d**2. Give o(g).
9
Let d(j) be the first derivative of 8*j**2 - 71*j - 1035. Give d(5).
9
Let f(t) = 2*t. Let q = -2 + 2. Suppose 2*y + 27 - 33 = q. Suppose -2*z + 4*k + 18 = 0, 4*k + k = y*z - 23. Calculate f(z).
2
Suppose -3*m - 4 = -7*m. Let c(b) be the first derivative of -b**2 + 14*b - 18*b + 5*b - 26. Give c(m).
-1
Let z(b) = 36 - 3 + 13*b - 9 - 2 + b**2 + 51. Give z(-5).
33
Let y(c) = -c**3 - 2*c - 15. Suppose 654 - 654 = 10*z. What is y(z)?
-15
Let w(i) = i**3 + 6*i**2 + 2*i - 6. Suppose -4*h - 3*j - 132 = 0, -87 = 4*h + 4*j + 49. Let b = -34 - h. Let r be (25/10)/(b/8). Calculate w(r).
9
Let p be 30/((-10)/(-2))*(-15)/(-9). Let o(l) = -3 + 11*l - p + 11 + 4 - l**2. Determine o(11).
2
Let b = 18 - 12. Let j(z) = 7*z**2 - 7*z - 7. Let c(n) = 6*n**2 - 6*n - 6. Let d(s) = b*c(s) - 5*j(s). Let g be d(0). Let w(v) = v + 2. Calculate w(g).
1
Let p(t) = -t - 10. Let k be p(-8). Let m(f) = -3256*f**3 + 13*f**2 - 3 - 5*f**2 + 3255*f**3 - 4*f - 7*f**2. What is m(k)?
17
Let v(h) = 2 - 10*h - 2*h + 5*h. Suppose -s + 3 = 2*n, -3*n - 13*s + 7 = -14*s. Give v(n).
-12
Let r(p) be the first derivative of p**2 - 11*p + 54. Let y be r(6). Let q(x) = -x + 1. Calculate q(y).
0
Let o(i) = -11*i - 232. Suppose -11*g = 15 + 216. Give o(g).
-1
Let w(l) = 2*l - 10. Let u = -527 + 530. Suppose -2*i + 35 = 5*r, -5*r + u*i - 8 = -18. Calculate w(r).
0
Let o(s) = -21419*s**3 + 2*s**2 + 21418*s**3 - 3 - 2*s + s**2. Let g be 3*(-3 + 2)/(-1). Calculate o(g).
-9
Let b(v) = -4*v + 85*v**2 - 1 + 13*v - 10 - 86*v**2. Let m(p) = p**3 + 18*p**2 - 22*p - 49. Let d be m(-19). Give b(d).
-3
Suppose -x + 25 = -0*x. Let s = 29 - x. Let g be (s + (-35)/10)*0. Let b(a) = a**2 - a - 6. What is b(g)?
-6
Suppose 7*k - 3914 - 2323 = 0. Let i(s) = 2*s + k*s**3 - 890*s**3 + 10*s + 13*s**2. What is i(-12)?
0
Suppose -4*u - 20 = 0, 3*u = -2*x - 19 + 6. Let a(j) = -75 - 14*j + 35 + 39. Give a(x).
-15
Let o(g) be the third derivative of -g**4/12 - 5*g**3/6 - 3*g**2. Let z be 2 + 5*((-80)/10)/(-8). Determine o(z).
-19
Let q(x) = -7*x**3 + 11*x**2 - 3*x + 8. Let v = -340 + 335. Let a(r) = 8*r**3 - 13*r**2 + 4*r - 9. Let s(b) = v*a(b) - 6*q(b). Give s(-2).
-19
Let r(f) = 17*f - 217. Suppose 3*l = 4*l - 5*j + 17, -j - 20 = -2*l. Calculate r(l).
4
Let j(t) = -3*t**2 + 7. Let b be j(2). Suppose 0 + 18 = 3*u. Let w(m) = -208 + 208 - u*m - m**2. Calculate w(b).
5
Let o(m) = 7*m**2 - m + 6. Let a(r) = -10*r + 11 + 8*r - r + 13*r**2. Let f(d) = 6*a(d) - 11*o(d). Give f(6).
-6
Let c(j) = 4*j**2 - 5*j - 5. Let x(p) = p**2 - 2*p + 4. Let k(q) = -2*q**2 + 5*q - 11. Let i(l) = -3*k(l) - 8*x(l). Let o(y) = -c(y) - 4*i(y). What is o(-1)?
4
Let l = 16 + 9. Let d = 48 - 48. Suppose t + l = -2*y - 3*y, d = -2*t - 10. Let i(n) = -2*n - 1. Give i(y).
7
Let s(m) = -7*m + 6*m**2 + 14*m - 16*m + 11 + 74*m**3 - 75*m**3. What is s(6)?
-43
Suppose -22*c - 54*c - 246 = 6*c. Let g(u) = -u**3 - 2*u**2 + 5*u - 4. Give g(c).
-10
Let p(m) = -m**3 - 2*m**2 + 9*m + 9. Let b be (-42)/(-70)*-10 + 2. What is p(b)?
5
Let y(t) = -16*t**3 - 8*t**2 + 6*t - 3. Let l(v) = 29*v**3 + 18*v**2 - 13*v + 7. Let n(x) = 4*l(x) + 9*y(x). Give n(-1).
27
Suppose -h = -3*p + 5, 0 = -4*h + h - p - 5. Let m(y) = -94 + y**3 + 2*y**2 + 178 - 86. What is m(h)?
-2
Let n(s) = -s**2 + 4*s - 6. Suppose -2 - 2 = -2*r. Suppose r*p = -0*p + 64. Let z = -26 + p. Give n(z).
-18
Let t be (-2)/(4*(-2)/4). Let j be 13 - -1 - (t + -5). Let k = j + -19. Let c(i) = 20*i. What is c(k)?
-20
Let t(w) be the second derivative of w**5/60 + w**4/12 - 4*w**3 + 2*w - 8. Let u(z) be the second derivative of t(z). Give u(3).
8
Let r(q) = q + 6. Let v = -196 - -192. Determine r(v).
2
Let o(x) = -9*x**2 - 7*x + 35. Let u(k) = -19*k**2 - 15*k + 78. Let s(z) = 7*o(z) - 3*u(z). Calculate s(2).
-21
Let t = -391 + 177. Let d = t - -210. Let q(u) be the third derivative of -u**4/24 + u**3/2 - 3*u**2. Calculate q(d).
7
Let y(p) = -39*p + 1522. Let x be y(39). Let m(a) = 62*a**2 + a - 2. Calculate m(x).
61
Let z be (580/(-232))/((-25)/(-30)). Let l(u) = -8*u**2 - 6*u. What is l(z)?
-54
Let p(s) be the first derivative of 3*s**2 + 32*s - 9666. Give p(-4).
8
Let s(h) = h**3 - 5*h**2 + 2*h + 2. Let k = 252 - 242. Let w be k + -6 + -1 + 1. Give s(w).
-6
Let r(i) = 4*i**2 + 9*i + 6. Let d(s) = s**2 + 3*s - 32. Let f be d(5). Let p(j) = -11*j**2 - 27*j - 19. Let m(w) = f*r(w) + 3*p(w). What is m(-7)?
5
Let q(p) = 2*p**2 + 22*p - 33. Let f(z) = -2*z**2 - 2*z + 10. Let d(x) = 2*f(x) + q(x). Calculate d(1).
3
Let c(a) = -2*a + 4. Let p = 17 + -59. Suppose 0 = -23*d - 527 - 531. Let z = p - d. Give c(z).
-4
Let v(k) = k**2 + 9*k - 3. Suppose 2*b + 565 - 545 = -m, -5*b - 50 = -3*m. Give v(b).
7
Let v(j) = -15 + 28 - 9*j - 2*j**2 - 2 + 9*j. Give v(-4).
-21
Let j(q) = 1 + q**2 + 14*q + 0*q**2 - 15*q. Let w = 2046 + -2044. Determine j(w).
3
Suppose 26*y - 44 = 32*y - 17*y. Let h(l) = 4*l**2 - 2*l + 3. What is h(y)?
59
Suppose -360 = -c - 4*c. Let v = 75 - c. Let r(l) = 2*l - 2*l - 3*l + 4*l - v. Give r(-3).
-6
Let x = -33 + 37. Suppose 4*h - x*b = -4, 3 = 5*h - 4*b + b. Let t(u) = 3*u + 5*u**2 - 7*u**2 + 0*u + h*u**2 + 2. Give t(-2).
0
Let l(n) = 4*n + 0*n - 1 + 2*n. Let f = 13263 + -13265. Determine l(f).
-13
Let a(r) be the first derivative of 5*r**3/3 - r**2/2 - r + 6672. Determine a(-2).
21
Suppose -9*u + 67 - 13 = 0. Let w(k) = -19 - k + 2*k + 11 + u. Let q(a) = -2*a + 2. Let f(n) = -4*q(n) - 5*w(n). What is f(3)?
11
Let w(r) = r**2 + 22*r + 56. Let q(k) = -226*k + 3151. Let d be q(14). Calculate w(d).
-61
Let q(y) = -y**3 + y**2 + 8*y - 1. Suppose -5*x + 26 = -140*x - 379. Give q(x).
11
Let c(n) = 10*n**2 - 4*n**2 + 7*n + 3 - 7*n**2 - 4. Let s be (80/(-28))/((-2)/(-7)). Let x be s/(-4)*(-38)/(-19). Determine c(x).
9
Let j = 126 + -124. Let t(v) = -5 + v + 0 - 1 + j. What is t(9)?
5
Suppose h = 6*h + 70. Let r be (1/2)/(h/28). Let f(u) = -3*u - 2. Let w(n) = 4*n + 2. Let l(q) = 3*f(q) + 2*w(q). Determine l(r).
-1
Let y(a) = a**2 - a - 13. Suppose 3*o - 209*o - 516 = -34*o. Calculate y(o).
-1
Let f(c) = -c**3 - 1. Let q(d) = -6*d**3 - 3*d**2 - 8. Let g = 6 - 1. Let v(l) = g*f(l) - q(l). Suppose 8*y + 230 = 206. Calculate v(y).
3
Let u(d) = -68*d + 4. Let s(x) = -30*x + 1. Let m(b) = -7*s(b) + 3*u(b). What is m(-2)?
-7
Let m be (5 - 5)/(-3 - -1). Let f = -1 + m. Let u(p) = -112*p - 1. Let i(n) = -149*n - 1. Let w(q) = 3*i(q) - 4*u(q). Give w(f).
0
Let d(g) = 1 - 2 + g + g**3 - 2*g**3 + 7*g**2 + 7*g + 0*g**3. Let n(s) = -4*s + 3*s**3 - 2 - 4*s**3 - 9*s - 11*s**2 + 2*s. Let j be n(-10). What is d(j)?
-1
Let x(c) = c**3 + 25*c**2 - 9*c + 16. Let h(n) = 2*n**3 + 9*n**2 - 3*n + 6. Let i(p) = -8*h(p) + 3*x(p). What is i(1)?
-13
Let n = 659/13 - 1305/26. Let t(f) be the third derivative of -1/120*f**6 + 0 - 1/6*f**4 + n*f**3 + 11*f**2 + 1/12*f**5 + 0*f. Give t(3).
9
Suppose 0*v - 2*v + 48 = 0. Suppose v*k = 25*k. Suppose -3*c - y + 20 = k, 5*y + 14 = -3*c + 7*c. Let m(z) = -z**3 + 6*z**2 - 2*z + 1. What is m(c)?
-11
Let b(a) = 9*a - 498 + 2*a + 596. Determine b(-9).
-1
Let t = -1 - 0. Suppose 4*w + 3*b = 54394, 40790 = 3*w + 6*b - b. Let p(g) = -3 + w*g - 13591*g + 3. Calculate p(t).
-9
Let j(k) be the second derivative of -3/2*k**3 - 3/2*k**2 + 0 + 1/12*k**4 - 37*k. Determine j(8).
-11
Let o(t) = 163 - 156 - 5*t - 8*t**2 + 7*t**2. Let k(u) = -2*u**2 + 19*u - 14. Let x be k(9). What is o(x)?
7
Let s(y) = -171*y + 18. Let v(a) = -57*a + 7. Let o(n) = 3*s(n) - 8*v(n). Give o(2).
-116
Let p be -5 + (1/((-6)/24) + 5)*9. Let u(o) = -o**3 + 6*o**2 - 3. Give u(p).
29
Suppose 6*z - 2*z = 0. Suppose -2*p + 4*n + 7 = 3*n, z = 3*p - n - 9. Let i(s) = -24*s + 0 + 37*s - s**p - 24*s - 3. Calculate i(-10).
7
Suppose -34*m = -85*m + 38*m + 52. Let c(b) = -b**3 + 3*b - 1. Give c(m).
-53
Suppose -10*m + 14*m - 32 = 0, -2*m = u - 16. Let t(j) = -1. Let i(d) = d + 13. Let f(q) = -2*i(q) - 22*t(q). Give f(u).
-4
Suppose 38*g + 1383 - 423 = -82*g. Let x(i) = i**2 + 